ppose -164 = 2*v - 4*n, 4*n - 12 = -0. List the prime factors of 5*(1/(-5)*-5 - v).
5, 7, 11
Suppose -47*w = -39*w - 40. Let m be w + -1 + (-360)/(-3). Let o = -7 + m. What are the prime factors of o?
3, 13
Let m = -241 + 570. List the prime factors of (m - (12 - 11))/(4/6).
2, 3, 41
Let b be (-62)/(-22) + 10/55. Suppose -b*w - 91 = -1. What are the prime factors of w*(-1)/4*10?
3, 5
Let i(m) = -10723*m - 605. List the prime factors of i(-4).
7, 863
Suppose -8 = -2*p, -6*j - 5*p = -2*j - 24. Let r(h) = h**3 + h**2 - h - 1. Let z be r(0). List the prime factors of 25 + j - 1*z.
3
List the prime factors of 15748880/680 + (2 - (-72)/(-34)).
2, 3, 5, 193
Let u be -4 + 5 - ((-1 - -1) + -9). Suppose -3*y = v - 8 + 2, -5*y = -u. Suppose v = r - 2*r + 5. List the prime factors of r.
5
Suppose -4*o - 2 = -5*q + 3*q, -2*o = -5*q + 5. Let i(n) = -n**3 + 12*n**2 - 22*n. Let y be i(9). Suppose -2*x + y + 1 = o. What are the prime factors of x?
23
Let j(z) be the second derivative of -2*z**3 + 2*z**2 - 2*z. Let b = 397 + -401. List the prime factors of j(b).
2, 13
Let j(q) = 2*q**2 + 15*q - 10. Suppose 2*k - 2 + 26 = 4*p, 0 = 2*p + k - 12. Let z = -6 - p. What are the prime factors of j(z)?
2, 7
Suppose 1547225 + 569680 = 227*s - 454324. What are the prime factors of s?
47, 241
List the prime factors of 137478/110*2*25.
2, 3, 5, 2083
Let c = -150 + 67. Let v = -44 - c. Suppose -m + v = -42. List the prime factors of m.
3
Let x = -238 + 291. Suppose 0 = x*u - 49*u - 1836. What are the prime factors of u?
3, 17
Let z(o) = 25*o**2 - 17*o + 4. Let y be z(-4). Suppose -a = 5*b - y, -736 = -4*a + b + 1068. List the prime factors of a.
2, 113
Suppose -307*w + 344794 = -79*w - 3242786. What are the prime factors of w?
3, 5, 1049
Suppose -5*w + 61610 = l, -187642 = -3*l - 2*w - 2721. List the prime factors of l.
5, 12329
Suppose 3*b + 3 = 18. Suppose 2*c - z - 4 = 0, -b*c - 30 = 5*z - 10. Suppose c = -3*m + 5*m - 176. List the prime factors of m.
2, 11
Suppose 6*o = 2*o + 60. Suppose o*g - 8967 + 3207 = 0. What are the prime factors of g?
2, 3
Suppose 6*y - 4*y + 6 = 0. List the prime factors of 42/((45/(-80))/y).
2, 7
Suppose 20 = -5*n + 5. Let j(l) = 3*l**2 + 3*l - 3. Let z be j(n). What are the prime factors of 3/z - (-274)/5?
5, 11
Suppose 24*a = 11*a + 78. List the prime factors of (-56672)/(-132) + (-2)/a.
3, 11, 13
Suppose 0 = 4*m + 17 - 29. Suppose m*d - 12 = 18. Suppose 70 = -d*b + 400. List the prime factors of b.
3, 11
Let g(o) = -11*o + 10*o - 4 + 21*o + 25 + 7. List the prime factors of g(24).
2, 127
Let x be ((-2)/(-10) + (-161)/(-70))*2. Let o(m) be the second derivative of m**5/20 - m**4/4 - 2*m**3/3 - m**2 + 3*m. List the prime factors of o(x).
2, 7
Let o be 1640/12 + 3 - 4/6. Suppose 137*p - o*p + 3286 = 0. What are the prime factors of p?
31, 53
Suppose 10102924 = 1609*h - 1461*h. List the prime factors of h.
13, 59, 89
Suppose 0 = -y + 3*i + 28 - 11, 0 = 4*y + 5*i. Suppose 0 = 3*b - 2*j - 94 - 657, -y*b = 3*j - 1277. List the prime factors of b.
11, 23
Suppose -2*z + 4*q + 42 = 0, 4*z - 2*z + 3*q - 42 = 0. Suppose 22*t - z*t = 1112. List the prime factors of t.
2, 139
Suppose u + 8 = 3*a, -1 + 7 = -3*u. Suppose -a*c = 4*f - 723 - 1635, 5*f = c + 2944. What are the prime factors of f?
19, 31
Let j = -1260 + 1818. Let f = j - 376. List the prime factors of f.
2, 7, 13
Suppose -7*h = -8*h - 4. Suppose n = -0*n + 42. Let l = n + h. What are the prime factors of l?
2, 19
Suppose 3*w = b - 7786, -85*b + 82*b - 2*w = -23391. What are the prime factors of b?
5, 1559
Let d = 11541 + -7350. What are the prime factors of d?
3, 11, 127
Suppose 0 = 2*t + t - 11*t. Suppose t = 4*j + b - 4771, j - b = -3*j + 4765. List the prime factors of j.
2, 149
Let x(i) = -542*i - 2750. What are the prime factors of x(-12)?
2, 1877
Let j be (-1 + 58/4)*44/(-6). Let y = j + 102. Suppose 2*q = -5*n + 382, -7*q + y*q - 2*n + 732 = 0. List the prime factors of q.
181
Let h = 12771 - 6486. What are the prime factors of h?
3, 5, 419
Let z = 3978 - 2217. Suppose a + 2*g - z = -2*a, 3*a + 3*g - 1758 = 0. What are the prime factors of a?
19, 31
Let n = 27016 + -24713. List the prime factors of n.
7, 47
Let d = -880 - -3874. List the prime factors of d.
2, 3, 499
Suppose -5*c = -6*c + 224. Suppose 6*y - 764 = -c. Let p = y - -47. What are the prime factors of p?
137
Suppose 17*p - 12*p - 295 = 0. Let a = p - 75. What are the prime factors of (22/(-8) - (-4)/a) + 151?
2, 37
Let w be (-368)/(-3) - (49/(-21))/7. Let a be (w/4)/((-6)/(-32)). Suppose -j = -2*k - 5*j + a, -k + 4*j = -88. What are the prime factors of k?
2, 3, 7
Let b(i) = -7*i + 2. Suppose 0*k + 5 = 3*m - k, -4*k + 16 = 0. Suppose 5*n - 2*s = -m*s - 27, -2*n = s + 9. What are the prime factors of b(n)?
2, 11
Suppose -2*q = 3*o - 13847, o - 95*q + 94*q = 4604. What are the prime factors of o?
3, 29, 53
Let h be (45/6 + 0)*(-24)/30. Let l be (-24)/h*1/4. List the prime factors of l - -45 - 21/7.
43
Suppose -12300 = -4*v - 4*l, -5*v - 3*l = l - 15381. List the prime factors of v.
3, 13, 79
Let h(r) = -r**2 - r + 16. Let j be h(5). Let w = j - -17. List the prime factors of (0 + 1)/(w/111).
37
Let p(z) = -2*z**3 - 17*z**2 + z. Let n = 226 - 239. What are the prime factors of p(n)?
2, 13, 29
Suppose 39*a - 44*a = -3*o + 575, 5*o + 460 = -4*a. What are the prime factors of ((-1086)/(-5))/((-46)/a)?
3, 181
Suppose b + 406 = -3*k + 5*b, 5*k - 3*b + 695 = 0. Suppose 3*v + 2*s + s + 99 = 0, -5*s - 66 = 2*v. Let j = v - k. List the prime factors of j.
109
Let f = -774 - -494. Let s = -124 - f. List the prime factors of s.
2, 3, 13
Suppose 5*c - 26 = -1. Let t(b) = 19 + b + 13*b - 13 + 14*b. What are the prime factors of t(c)?
2, 73
Suppose 0 = 12*v - 1151 - 3457. Let b be (-141 - 0)*(8 + -7). Let j = v + b. What are the prime factors of j?
3
Let x(w) = -w**3 + 3*w**2 - 3*w - 5. Let r = 7 - -35. Let n = 38 - r. What are the prime factors of x(n)?
7, 17
Suppose 17*y - 12*y - 10 = -3*b, -4*y = 4*b. List the prime factors of (y - 3)/(5/190).
2, 19
Let m = 16062 - -12357. What are the prime factors of m?
3, 9473
Let u = -6402 - -15061. What are the prime factors of u?
7, 1237
Suppose 6*k - 2*k = 12. Let a be (14/(-6) - 0/(-1))*k. List the prime factors of a/(7/(-3)) + 7.
2, 5
Let a(l) = -42*l + 69. Let m be a(-12). Let v = m - 335. What are the prime factors of v?
2, 7, 17
Suppose 0 = -11*l - 7900 + 105250. Suppose 0 = -29*m + l + 2953. List the prime factors of m.
11, 37
Suppose 6*u + 2*u + 416 = 0. Let c be 4*6/(-72) + u/6. List the prime factors of (-317)/(-3) - (39/c - -5).
3, 5, 7
Suppose -4*l + 106 = -6*l. Suppose -5*c - 3*m - 208 = 0, c - 5*c + 5*m = 122. Let z = c - l. What are the prime factors of z?
3, 5
Suppose 6 = 2*i - 0*i. Suppose 0 = -5*g + 5*j + 555, -i*g - 4*j = -8*j - 329. What are the prime factors of 39*g/60 + 2/8?
3, 5
Let f(a) = -20 + a**2 - a**3 + 6 - 5*a**2 - 4*a + 23. What are the prime factors of f(-7)?
2, 23
Let g(z) = z**3 + 20*z**2 - 22*z + 3. Let u be g(-21). Let v be 352/u + (-2)/3. Suppose 16*w - 172 = v*w. What are the prime factors of w?
2, 43
Let a(k) be the first derivative of k**4/2 - 31*k**3/3 + 10*k**2 - 16*k + 130. What are the prime factors of a(16)?
2, 5, 7
Let l be (1/(-1))/2*(-31 - -21). Suppose -51*z + 46*z - 4*g + 7060 = 0, g = -l*z + 7075. List the prime factors of z.
2, 3, 59
Let q = -3191 + 18907. What are the prime factors of q?
2, 3929
Let a be (161/(-253))/(2/(-22)). Let z(c) be the first derivative of -c**4/4 + 3*c**3 - 3*c**2/2 - 15*c - 1. What are the prime factors of z(a)?
2, 31
Let j = -135 - -134. List the prime factors of (-6 - (-160)/25)/(j/(-555)).
2, 3, 37
Let j = 19728 - 14512. List the prime factors of j.
2, 163
Let v = -88 - -95. Suppose 4*h + 571 = v*h - 2*i, -i + 743 = 4*h. Suppose 0 = 3*d - 5*m - h - 474, 3*d - 641 = -5*m. List the prime factors of d.
7, 31
Suppose 2*q = 2*v + 2214 - 11570, -3*q + 23374 = 5*v. Suppose -5123 = -41*h + v. List the prime factors of h.
239
Suppose 37*a = 32*a + 80. Suppose a*x = 15476 - 4388. What are the prime factors of x?
3, 7, 11
Let j = 65832 - 8928. List the prime factors of j.
2, 3, 2371
Suppose 4*o = 2*b + 4002, 4*o = -3*b + 4*b + 4001. Suppose 6*f + o - 5830 = 0. List the prime factors of f.
5, 7, 23
Suppose -9*n = -17*n - 1984